e i(-4).
11
Let t(i) = i**2 - 503*i - 6135. Determine t(-12).
45
Let d(w) = -w**3 - 7*w**2 + 7365*w + 29454. Determine d(-4).
-54
Let v(w) = w**3 - 497*w**2 - 25060*w + 44519. What is v(543)?
-7
Let l(s) = 780*s**2 - 3052*s - 265. Give l(4).
7
Let n(g) = 47*g**3 - 286*g**2 - 2819*g + 17060. Calculate n(6).
2
Let v(l) = -668*l - 24995. What is v(-37)?
-279
Let o(s) = s**3 + 108*s**2 + 194*s - 2474. Give o(-106).
-566
Let b(k) = 9733*k + 807838. Give b(-83).
-1
Let q(w) = 2*w**2 + 3983*w + 39617. Give q(-10).
-13
Let t(x) = -19*x**3 - 857*x**2 - 93*x - 22. What is t(-45)?
113
Let l(q) = -219*q + 12019. Calculate l(57).
-464
Let n(v) = 424*v + 48354. What is n(-114)?
18
Let c(u) = -137*u**2 - 516*u - 169. What is c(0)?
-169
Let z(s) = 12657*s + 126554. What is z(-10)?
-16
Let i(j) = -74*j**3 + 2*j**2 + 452*j - 453. Give i(1).
-73
Let c(b) = b**3 - 80*b**2 - 1656*b - 122. Determine c(-17).
-3
Let k(p) = p**3 - 118*p**2 + 3463*p + 423. What is k(56)?
-81
Let p(t) = -803*t + 9439. What is p(15)?
-2606
Let t(y) = 125*y**2 + 1756*y + 37. Determine t(-14).
-47
Let q(b) = -522*b - 2449. Determine q(-5).
161
Let s(r) = r**3 - 83*r**2 + 150*r + 980. Calculate s(81).
8
Let c(n) = n**3 + 66*n**2 + 130*n - 3367. Calculate c(6).
5
Let o(k) = 20821*k + 18114276. What is o(-870)?
6
Let d(k) = 20*k**3 - 132*k**2 - 32*k + 108. Calculate d(6).
-516
Let x(o) = o**3 - 19*o**2 + 106*o - 259. Give x(12).
5
Let m(l) = 38*l**2 + 25068*l + 66990. Give m(-657).
-24
Let l(r) = -2*r**3 - 425*r**2 - 651*r - 3801. Give l(-211).
-3
Let t(b) = -b**3 - 116*b**2 - 779*b - 420. Determine t(-109).
1324
Let h(a) = -6*a**3 + 5*a**2 + 136*a + 480. What is h(-4)?
400
Let v(x) = -15*x**2 + 32202*x + 129041. Calculate v(-4).
-7
Let d(f) = -f**2 + 483*f - 41859. Determine d(113).
-49
Let r(i) = -283*i + 68794. Determine r(243).
25
Let j(g) = -70279*g - 16. Determine j(0).
-16
Let n(j) = 281*j + 3790. Give n(-11).
699
Let z(h) = h**3 + 3*h**2 + 3707*h + 18586. What is z(-5)?
1
Let t(d) = 2*d**2 - 11369*d - 377064. Determine t(-33).
291
Let y(x) = 213*x - 12111. Give y(57).
30
Let d(g) = 2*g**2 - 386*g + 7031. Determine d(21).
-193
Let i(d) = -d**2 - 198*d - 3994. Give i(-190).
-2474
Let b(c) = 90847*c + 908463. What is b(-10)?
-7
Let j(r) = -43*r + 657. What is j(10)?
227
Let i(w) = -w**3 + 11*w**2 - 30*w - 14. Determine i(5).
-14
Let w(i) = 7510*i + 7488. Give w(-1).
-22
Let k(t) = -t**2 - 3291*t - 1052588. What is k(-359)?
0
Let h(i) = -1004*i**2 + 293165*i + 869. Determine h(292).
-7
Let l(u) = -3*u**2 + 237*u - 1575. Determine l(10).
495
Let c(a) = -1459*a - 286129. Calculate c(-196).
-165
Let t(j) = -13*j**3 - 105*j**2 - 21*j - 144. Give t(-8).
-40
Let g(n) = 2770*n + 512445. What is g(-185)?
-5
Let s(k) = -k**3 - 25*k**2 - 157*k - 3645. Give s(-24).
-453
Let d(y) = -471*y + 51275. Give d(108).
407
Let d(a) = -a**3 - 22*a**2 - 157*a - 714. Calculate d(-12).
-270
Let g(q) = -13620*q - 136249. Give g(-10).
-49
Let p(y) = 2*y**2 + 8484*y + 244349. Calculate p(-29).
-5
Let w(f) = 5*f**2 + 210*f - 1201. Give w(-47).
-26
Let q(t) = -t**3 - 175*t**2 - 164*t + 384. Determine q(-174).
-1356
Let p(r) = 4*r**3 - 95*r**2 + 81*r - 19. Calculate p(23).
257
Let s(a) = 4*a**3 - 772*a**2 + 4505*a - 97. Determine s(6).
5
Let q(u) = -289294*u - 1735763. Give q(-6).
1
Let v(g) = -22*g**2 + 3059*g - 280. Give v(139).
-141
Let k(f) = -20682*f + 82779. What is k(4)?
51
Let i(h) = h**2 - 33*h - 59720. Determine i(-228).
-212
Let n(p) = -592*p**3 - 14*p**2 - 41*p - 38. Give n(-2).
4724
Let k(s) = -2*s**3 + 644*s**2 - 3789*s + 9. What is k(6)?
27
Let k(t) = -935*t + 5216. Determine k(6).
-394
Let w(p) = -81*p**2 + 1476*p + 1476. Determine w(-1).
-81
Let g(b) = 162*b**2 - 104006*b + 1274. What is g(642)?
-10
Let i(y) = 15*y**3 - 260*y**2 + 60*y + 429. What is i(17)?
4
Let t(u) = 9*u**2 - 1358*u + 6755. Give t(5).
190
Let g(f) = -23*f**3 - 183*f**2 + 283*f + 602. Give g(-9).
-1
Let f(n) = -33*n**2 - n - 204. What is f(7)?
-1828
Let y(c) = 89*c - 655. Calculate y(13).
502
Let l(b) = -b**3 - 43*b - 83. Determine l(-2).
11
Let k(g) = 6*g**3 - 3732*g**2 - 30234*g + 56. What is k(-8)?
8
Let c(r) = -2641*r + 60810. Give c(23).
67
Let a(f) = -202*f - 4028. What is a(-20)?
12
Let u(g) = 74*g + 16180. Determine u(-199).
1454
Let m(r) = -2*r**3 + 594*r + 2. What is m(-17)?
-270
Let t(f) = f**3 + 146*f**2 + 718*f + 59. Give t(-5).
-6
Let w(b) = 495*b**2 - 96*b - 225. What is w(-2)?
1947
Let a(v) = -v**2 - 93*v - 2079. Give a(-52).
53
Let q(m) = 4061*m - 1896485. What is q(467)?
2
Let h(c) = 2481*c + 19682. Calculate h(-8).
-166
Let b(z) = 151*z + 1567. Determine b(-14).
-547
Let t(z) = 86883*z + 173747. Determine t(-2).
-19
Let g(j) = 3*j**3 + 67*j**2 + 20*j + 1493. What is g(-23)?
-25
Let l(y) = y**3 - 52*y**2 - 315*y + 3160. Determine l(57).
1450
Let p(w) = -2*w**3 - 115*w**2 - 70*w + 2162. What is p(-56)?
-3326
Let y(f) = 2*f**3 - 24*f**2 - 21*f + 1157. Give y(-6).
-13
Let u(g) = -1275*g + 32471. Calculate u(28).
-3229
Let d(b) = 2*b**2 - 244*b + 1419. Determine d(116).
27
Let t(k) = -2*k**3 - 34*k**2 - 168*k - 251. Calculate t(-4).
5
Let g(j) = -1141*j - 101591. Give g(-89).
-42
Let w(s) = -s**3 - 18*s**2 + 2137*s + 26524. Calculate w(-12).
16
Let w(g) = 29*g**3 - 383*g**2 - 231*g + 19. Determine w(14).
1293
Let l(t) = -4459*t + 53416. Give l(12).
-92
Let k(t) = 955*t + 14967. Give k(-16).
-313
Let w(c) = -425*c + 5192. What is w(10)?
942
Let s(a) = 11*a**2 - 10188*a - 39133. Calculate s(930).
-73
Let h(x) = -16263*x + 97579. Calculate h(6).
1
Let f(o) = -141*o**2 + 1937*o - 11578. Give f(6).
-5032
Let o(d) = 200*d - 5262. Determine o(27).
138
Let y(r) = -94*r + 18902. Calculate y(210).
-838
Let x(w) = -2*w**2 + 47*w + 274. Determine x(-6).
-80
Let l(a) = a**2 - 3978*a + 39645. What is l(10)?
-35
Let k(m) = 1501*m + 187831. Give k(-125).
206
Let k(w) = -1406*w - 541289. Calculate k(-385).
21
Let m(u) = 12167*u + 36509. Determine m(-3).
8
Let r(a) = 8*a**3 + 4650*a**2 + 73450*a + 3. Calculate r(-565).
3
Let x(n) = -198*n**2 + 5369*n + 4855. Calculate x(28).
-45
Let c(j) = 21*j**2 - 439*j + 718. Calculate c(19).
-42
Let q(m) = -m**2 - 142*m + 34573. What is q(-270)?
13
Let u(l) = -l**3 + 55*l**2 + 3966*l - 2831. What is u(96)?
49
Let u(q) = -294*q**2 - 127650*q - 23435. Calculate u(-434).
1
Let x(b) = 15*b**3 - 65*b**2 + 39*b - 9. Determine x(3).
-72
Let y(p) = 2*p**3 + 64*p**2 + 195*p - 1324. Calculate y(-27).
701
Let c(k) = k**3 - 17*k**2 - 494*k + 8289. Calculate c(16).
129
Let g(s) = -1456*s - 349442. Calculate g(-240).
-2
Let h(p) = p**3 - 50*p**2 + 579*p + 398. Determine h(20).
-22
Let n(a) = a**3 - 31*a**2 - 132*a - 11455. Calculate n(41).
-57
Let z(f) = 9178*f + 9138. Give z(-1).
-40
Let v(p) = -3699*p**2 - 48159*p - 36. Determine v(-13).
900
Let z(j) = 158*j + 33930. Give z(-211).
592
Let a(s) = -965*s + 34749. Determine a(36).
9
Let f(k) = 13*k**2 - 11232*k + 67393. What is f(6)?
469
Let a(n) = -5982*n - 6406727. What is a(-1071)?
-5
Let b(u) = -4*u**2 - 378*u + 4206. Calculate b(10).
26
Let n(c) = 11*c**3 - 3*c**2 - 425*c - 1262. Calculate n(-3).
-311
Let d(x) = -8536*x - 15953. Determine d(-2).
1119
Let s(f) = -80*f**2 - 629*f + 105. What is s(-8)?
17
Let r(x) = -2*x**3 - 107*x**2 + 568*x + 27680. What is r(-54)?
-76
Let l(z) = 20938*z + 20947. Calculate l(-1).
9
Let b(c) = c**2 - 67*c + 512. What is b(33)?
-610
Let t(d) = -46*d - 962. What is t(-10)?
-502
Let u(l) = -1524*l**3 - 7*l**2 - 9*l + 16. Give u(1).
-1524
Let i(j) = 1231*j - 328727. Determine i(267).
-50
Let t(w) = 202*w**2 + 14138*w - 124. Determine t(-70).
16
Let p(j) = -7*j**3 - 9*j**2 + 82*j - 154. Give p(3).
-178
Let r(i) = i**3 + 23*i**2 - 45*i + 361. What is r(-25)?
236
Let k(s) = 3*s**2 + 848*s - 21441. Calculate k(-306).
-21
Let n(d) = 5*d**3 + 497*d**2 - 287*d + 599. Determine n(-100).
-701
Let r(q) = 25*q**3 - 101*q**2 + 359*q - 275. Give r(1).
8
Let k(i) = -142*i - 7871. What is k(-57)?
223
Let l(y) = -3*y**2 - 209*y - 1636. What is l(-9)?
2
Let a(c) = 22*c**2 - 2695*c - 4463. Give a(124).
-371
Let z(i) = 206*i**2 + 18*i - 25. What is z(2)?
835
Let g(n) = -10*n**3 + 658*n**2 + 129*n + 226. Determine g(66).
28
Let t(a) = a**3 + 8*a**2 - 971*a - 1003. Determine t(28).
33
Let c(i) = -6*i**2 - 40*i + 812. What is c(12)?
-532
Let m(n) = 